
False
Does 106 divide 480092868?
True
Is 1061 a factor of 92768535?
True
Is 84880367 a multiple of 691?
True
Does 10 divide 3314079?
False
Does 8 divide 2663928?
True
Is 3267426818 a multiple of 6178?
True
Does 250 divide 18492995?
False
Is 6342 a factor of 1441153433?
False
Is 121718112 a multiple of 4?
True
Does 38 divide 6995144?
False
Is 70579313 a multiple of 2486?
False
Does 1540 divide 1307928706?
False
Is 592 a factor of 16659657?
False
Is 2218547480 a multiple of 16?
False
Does 2 divide 8534447?
False
Does 150 divide 271467150?
True
Does 20 divide 6743160?
True
Is 494514 a multiple of 80?
False
Does 848 divide 720800?
True
Is 19 a factor of 15504646?
True
Does 53 divide 1245?
False
Is 536 a factor of 2114520?
True
Does 12 divide 56913996?
True
Is 581 a factor of 7594425300?
True
Does 28 divide 50632596?
True
Is 512391453 a multiple of 187?
False
Is 882005536 a multiple of 38?
True
Does 243 divide 114469282?
False
Does 224 divide 812750400?
True
Does 39 divide 37051170?
True
Is 2532 a factor of 201959916?
True
Is 2158078288 a multiple of 20?
False
Is 101 a factor of 41139017?
True
Is 32009347 a multiple of 1137?
False
Is 88619130 a multiple of 2193?
True
Is 588152961 a multiple of 323?
True
Is 76 a factor of 1353311176?
True
Is 134547345 a multiple of 15?
True
Is 579544152 a multiple of 17?
False
Is 2812 a factor of 979282393?
False
Is 5 a factor of 50063966?
False
Is 90 a factor of 70108200?
True
Does 24 divide 48347592?
True
Does 41 divide 78472351?
False
Is 103 a factor of 74358893?
True
Is 76 a factor of 43619022?
False
Does 32 divide 83449446?
False
Is 47 a factor of 34632420?
True
Is 8 a factor of 205286560?
True
Is 75 a factor of 143050800?
True
Is 1270 a factor of 18252440?
True
Is 28644867 a multiple of 790?
False
Is 98 a factor of 11495302?
True
Does 12 divide 79190331?
False
Is 5548 a factor of 449471220?
True
Is 11205 a factor of 3884773500?
True
Is 11 a factor of 15427801?
False
Is 104315457 a multiple of 460?
False
Is 4731344865 a multiple of 243?
True
Does 507 divide 34993664?
False
Is 59806819 a multiple of 163?
True
Does 4825 divide 182409125?
True
Is 1257 a factor of 16053539?
False
Is 12 a factor of 418558176?
True
Is 4290497077 a multiple of 17?
True
Does 19 divide 44840029?
False
Does 19 divide 44399073?
False
Is 4 a factor of 26894452?
True
Is 1046 a factor of 2346999110?
True
Is 802 a factor of 743058396?
False
Does 6 divide 35401482?
True
Is 17 a factor of 297306404?
True
Is 9447516 a multiple of 162?
True
Is 353602040 a multiple of 205?
True
Does 295 divide 82430375?
True
Is 393 a factor of 39558987?
True
Does 1061 divide 6204728?
True
Does 10 divide 98053230?
True
Is 38 a factor of 873747832?
True
Does 70 divide 8885001?
False
Is 121362787 a multiple of 1183?
True
Does 1390 divide 1867441370?
True
Is 2716504040 a multiple of 10?
True
Is 116 a factor of 5077204?
True
Does 27 divide 285711003?
True
Is 126 a factor of 317333618?
False
Is 12841293 a multiple of 20?
False
Does 808 divide 3768371344?
False
Does 278 divide 27351058?
False
Is 9561480 a multiple of 17?
True
Is 12667611 a multiple of 772?
False
Is 2793421054 a multiple of 391?
False
Is 371 a factor of 320417321?
False
Is 387 a factor of 596976074?
False
Is 239 a factor of 48337991?
False
Is 99 a factor of 9577656?
True
Is 1550219445 a multiple of 480?
False
Is 22099766 a multiple of 521?
False
Is 89 a factor of 34720241?
False
Is 3 a factor of 5948371?
False
Does 8 divide 73583356?
False
Is 854 a factor of 8755091?
False
Does 64 divide 1037120?
True
Does 28 divide 135337524?
True
Is 452797231 a multiple of 10?
False
Does 46 divide 8384362?
False
Does 1689 divide 174787347?
False
Does 12 divide 779469021?
False
Is 82 a factor of 47567708?
True
Is 2099 a factor of 35095611?
False
Does 30 divide 27803160?
True
Is 5671 a factor of 437417233?
False
Does 5 divide 107211280?
True
Is 454 a factor of 283615228?
False
Is 11 a factor of 2138840?
True
Is 28286685 a multiple of 999?
True
Does 42 divide 1250524122?
False
Does 1776 divide 1346779872?
True
Is 41 a factor of 2397609048?
False
Is 31674240 a multiple of 2115?
True
Does 5162 divide 2156421824?
False
Does 656 divide 1143636288?
True
Is 61 a factor of 57864722?
True
Is 173016169 a multiple of 17?
False
Does 3 divide 1623199787?
False
Does 11 divide 145648272?
True
Is 1189 a factor of 101805747?
True
Is 79542294 a multiple of 142?
True
Is 7387178 a multiple of 178?
True
Is 6918 a factor of 1489491583?
False
Is 6 a factor of 55854488?
False
Does 1222 divide 48018490?
True
Is 70 a factor of 20360830?
True
Is 68751928 a multiple of 28?
True
Is 53340064 a multiple of 16?
True
Is 207 a factor of 35577711?
True
Is 96801341 a multiple of 576?
False
Is 482 a factor of 3541219296?
True
Is 1016214520 a multiple of 1858?
True
Is 33371739 a multiple of 56?
False
Is 633271100 a multiple of 275?
True
Does 3063 divide 1220636130?
True
Is 337 a factor of 461511390?
True
Does 76 divide 19787221?
False
Is 4443113121 a multiple of 14?
False
Is 2284496 a multiple of 284?
True
Is 13 a factor of 86924128?
False
Is 328 a factor of 11792256?
True
Does 1261 divide 58005717?
False
Is 314 a factor of 1238593410?
True
Is 7 a factor of 123463832?
False
Is 375256830 a multiple of 12?
False
Is 135 a factor of 2726869050?
True
Is 174658344 a multiple of 24?
True
Is 316184004 a multiple of 93?
True
Does 94 divide 32740670?
True
Does 3160 divide 95823693?
False
Does 4 divide 195561481?
False
Does 24 divide 425843281?
False
Is 29498636 a multiple of 117?
False
Is 67808504 a multiple of 1853?
False
Is 19 a factor of 20323407?
True
Is 317130831 a multiple of 9?
True
Is 23027528 a multiple of 640?
False
Does 4742 divide 238678849?
False
Is 8 a factor of 3589191280?
True
Is 527 a factor of 69136427?
False
Is 90 a factor of 802590840?
True
Is 387970560 a multiple of 1440?
True
Does 862 divide 1347687169?
False
Is 49 a factor of 544691644?
True
Does 1191 divide 98068377?
False
Is 1021209139 a multiple of 37?
True
Is 132933926 a multiple of 775?
False
Is 187516792 a multiple of 1097?
True
Is 217723213 a multiple of 12?
False
Is 239 a factor of 35464254?
True
Does 552 divide 15333769?
False
Is 6 a factor of 622408710?
True
Does 35 divide 5850215?
True
Does 4671 divide 1911875337?
False
Is 2046 a factor of 282710142?
True
Does 443 divide 10253888?
False
Does 4 divide 46663217?
False
Is 363646275 a multiple of 25?
True
Does 606 divide 48027924?
True
Is 1648119432 a multiple of 5966?
True
Is 57 a factor of 184529208?
False
Is 24 a factor of 2857385784?
True
Is 400 a factor of 224903642?
False
Is 10 a factor of 1531308662?
False
Is 16463777 a multiple of 736?
False
Does 6 divide 70511970?
True
Is 18 a factor of 299481934?
False
Does 88 divide 39535144?
True
Is 1337 a factor of 123587365?
False
Is 58181070 a multiple of 112?
False
Is 3231444 a multiple of 2?
True
Is 28090128 a multiple of 1550?
False
Does 3 divide 17224584?
True
Is 1532 a factor of 3154656?
False
Is 14820655 a multiple of 759?
False
Is 85053544 a multiple of 264?
False
Is 327944016 a multiple of 9?
True
Is 57 a factor of 976604?
False
Does 3 divide 13446388?
False
Is 68 a factor of 1442882243?
False
Does 17 divide 2510492?
True
Is 86465556 a multiple of 108?
True
Is 72409704 a multiple of 207?
False
Does 69 divide 36611193?
True
Is 206 a factor of 66196246?
True
Is 766 a factor of 3008267372?
True
Is 635 a factor of 49072878?
False
Does 2596 divide 40279536?
True
Is 66 a factor of 92061156?
True
Is 66 a factor of 13865280?
True
Is 29820857 a multiple of 23?
True
Does 121 divide 12938020?
False
Is 14 a factor of 26230302?
True
Does 2 divide 36637739?
False
Is 4820774609 a multiple of 94?
False
Is 240914817 a multiple of 243?
True
Is 616 a factor of 131716808?
False
Does 161 divide 271323640?
True
Is 2551669164 a multiple of 3421?
True
Is 22107388 a multiple of 25?
False
Does 2315 divide 143010957?
False
Is 58844698 a multiple of 13?
False
Does 30 divide 201457564?
False
Is 62559063 a multiple of 12?
False
Is 427043334 a multiple of 31?
False
Is 1404 a factor of 221851305?
False
Does 5962 divide 1603420642?
False
Does 6202 divide 1080160429?
False
Is 448197520 a multiple of 40?
True
Is 47409051 a multiple of 22?
False
Is 70 a factor of 69839799?
False
Is 644281272 a multiple of 1891?
F